 35. What is the remainder when 31 is divided by w?
3
Let d(y) = -y**3 - 8*y**2 - 6*y + 6. Let o be d(-7). Let j = o - -13. Suppose -s - 2*l + 42 = 4*s, 2*s - 4*l = j. What is the remainder when 22 is divided by s?
6
Let w = -557 - -592. Calculate the remainder when w is divided by 6.
5
Suppose -5*i + 8 = -2*z, -z = -i - 2*z + 3. Let k(g) = 2*g**2 - g + 1. Calculate the remainder when 103/4 - (-1)/4 is divided by k(i).
5
Let b(q) = -3*q**2 - 4*q + 1. Let z be b(3). Let o be z - (3 + -3 + -2). Let w = o + 42. Calculate the remainder when w is divided by 4.
2
What is the remainder when 154 - (2 - -3*16/12) is divided by 33?
16
Let b(c) = -7*c + 5. Let g(j) be the first derivative of -j**2/2 - j + 1. Let f(i) = -b(i) - 4*g(i). Calculate the remainder when 61 is divided by f(2).
19
Let p(m) = 13*m - 18. Let c be p(6). Suppose 35*z - c = 31*z. Calculate the remainder when 37 is divided by z.
7
Let w = -220 + 258. What is the remainder when 61 is divided by w?
23
Suppose 30 + 26 = 4*g. Let v(w) = 3*w**3 - 4*w**2 + 3*w + 1. Let l be (-6)/10*(-4 - 1). Calculate the remainder when v(l) is divided by g.
13
Suppose -83*u + 714 = -32*u. What is the remainder when 97 is divided by u?
13
Suppose f = r - 17, 4*r + 3*f = -11 + 51. Calculate the remainder when (-13 - -5) + -16 + 72 is divided by r.
9
Let w be ((-2)/3)/((-7)/462). Calculate the remainder when 41 is divided by 27/4 - (-11)/w.
6
Let x(s) = s**2 - 53*s + 360. Calculate the remainder when 80 is divided by x(6).
2
Let d(s) = 2*s**3 + 33*s**2 + 15*s + 1. What is the remainder when 31/(2 - (-2 + 3)) is divided by d(-16)?
14
Suppose -5*k + 41 - 1 = 0. What is the remainder when 72 is divided by 55/3 - k/(-12)?
15
Suppose 7*z - 2*z - 40 = 0. Suppose -5*x = r - 139 - 13, 0 = 2*r - 4. Suppose 18*b - x = 16*b. What is the remainder when b is divided by z?
7
Let h be 10/(-5) + 1 + 1. Suppose h = 3*g - 0*g - 21. Suppose 12*r = 16*r - 100. What is the remainder when r is divided by g?
4
Suppose -2*h = 5*w + 17, 0*w = -3*w - 15. Let v(b) = 2*b - 3. Calculate the remainder when 14 - (0/2 - 0) is divided by v(h).
4
Suppose -v = -6*v + 100. Let u = -415 + 514. Calculate the remainder when u is divided by v.
19
What is the remainder when -5*14/35 + 182 is divided by 14?
12
Suppose -3*b = g - 29, -5*g = 7*b - 4*b - 133. Let y = 634 - 443. Let t = -88 + y. What is the remainder when t is divided by g?
25
Let q(d) = 2*d**3 - 4*d + 6. Let h be q(4). Suppose -h - 5 = -3*l. Calculate the remainder when l is divided by 22.
19
Let l = -18 - -59. Let v(b) = -4*b**2 + 4*b - 4. Let g be v(2). Calculate the remainder when l is divided by (g/(-18))/((-4)/(-42)).
6
Let s(t) = 2*t**2 + 5*t + 20. Calculate the remainder when 407 is divided by s(-4).
23
Calculate the remainder when 0 + 7 + 0 + 741 is divided by 14.
6
Let r(y) = -3*y + 1. Suppose 1 = -4*b + 3*b. Let l = 2 - b. Calculate the remainder when r(-2) is divided by l.
1
Suppose -4*o - 2*x - 134 = 0, -4*o + 9*o - 5*x + 175 = 0. Let a = 78 + o. Calculate the remainder when a is divided by 16.
12
Suppose 7*q = 9*q - 4. Suppose 5*j - 310 = q*z, 0 = -3*j + 2*z + 84 + 102. What is the remainder when j is divided by (32/(-5))/((-4)/10)?
14
What is the remainder when ((-215)/(-10))/(99/24 + -4) is divided by 22?
18
Let t = 302 + -207. Let h = 251 + -227. What is the remainder when t is divided by h?
23
Let n = 354 - 136. What is the remainder when n is divided by 3/(-9)*(4 - 169)?
53
Let d(b) = 14*b - 119. Let f(j) = 5*j - 40. Let x(m) = -4*d(m) + 11*f(m). What is the remainder when x(7) is divided by 16?
13
Let x = 54 - 32. Suppose -4*z + 26 = -2*h, -5*z + 49 = -0*z + 3*h. Suppose z*j + 348 = 12*j. What is the remainder when j is divided by x?
21
Suppose 0 = 15*f - 1305 - 495. Let r = f - -61. Calculate the remainder when r is divided by 13.
12
Suppose 0 = -y + 10 - 0. What is the remainder when 47 is divided by (-64)/10*y/(-4)?
15
Suppose -6*d + 17 = -5*o - 23, 4*o + 3 = -d. What is the remainder when 127 is divided by d?
2
Suppose 163 = 5*m + 4*d - 0*d, m = -2*d + 29. Let u = 18 + -36. Let c = m + u. Calculate the remainder when 66 is divided by c.
15
Suppose 0 = -5*u - 4*o + 464 - 59, 0 = u - 2*o - 67. Let h = -30 + u. Calculate the remainder when h is divided by 12.
11
Let l be -2*1/6*-9. What is the remainder when ((-510)/(-20))/(l/4) is divided by 13?
8
Let o(u) = 2*u**3 + 25*u**2 + 39*u + 71. Calculate the remainder when 70 is divided by o(-11).
0
Let q(o) = -9*o**3 + 4*o + 5. Calculate the remainder when 12 is divided by q(-1).
2
Let p(c) = c**3 + 9*c**2 + 13*c + 7. Let v = -18 + 33. Calculate the remainder when p(-5) is divided by v.
12
Let s(i) = 9*i - 25*i + 7*i - 6 - 5*i. Let v be s(-5). Suppose -5*a - j + 67 = 0, 0 = -2*a + 5*j + v - 21. Calculate the remainder when a is divided by 4.
2
Suppose -2*p = 4*g - 656, -2*p + 5*g + 0*g + 656 = 0. Suppose -4*z = -4*j - p, -3*j + 43 = z - 27. Calculate the remainder when z is divided by 20.
19
Calculate the remainder when (-58)/(-3) - (-4)/6 is divided by (0/(-8))/10 + 5.
0
Suppose 4*m - 3 - 35 = -2*t, 2*m - 4*t - 4 = 0. What is the remainder when 389 is divided by m?
5
Suppose q + 24 = 2*g + 3*q, 28 = 2*g + 4*q. What is the remainder when 32 is divided by g?
2
Let d(z) = -3*z**2 - 17*z - 8. Suppose -3*p + 4*s + 22 = -12, -3*p = 3*s - 6. Calculate the remainder when p is divided by d(-5).
0
Calculate the remainder when 95 is divided by (17*2)/2 + (215 - 216).
15
Let x(k) be the first derivative of k**3/3 - k**2/2 + 16. Let u = 3 - -8. Calculate the remainder when x(-5) is divided by u.
8
Suppose -30 = -2*c - 3*c + 3*s, 0 = 4*c + 2*s - 46. Let w(y) = -y**3 + 10*y**2 - 5*y - 15. What is the remainder when 123 is divided by w(c)?
18
Let v be ((-1)/(-2))/((114/(-360))/(-19)). Let r = -19 + v. Calculate the remainder when (0 + 8*5)/1 is divided by r.
7
Let f be (-25)/(-10)*(9 + -1). Suppose 0 = -2*y - 3*y + f. Suppose -2*t + t + 26 = 3*o, -5*t + 163 = y*o. What is the remainder when t is divided by 9?
8
Suppose -107 = -8*w + 157. Let y(f) = -4 + 4 + 0*f**2 + 2*f**2 + 4*f - 6. Calculate the remainder when y(5) is divided by w.
31
Let g = 949 + -917. What is the remainder when g is divided by 17?
15
Suppose 2*n + 6 = 48. Suppose -b + 13 = 2. What is the remainder when n is divided by b + -4*4/(-16)?
9
Let m = 503 + -484. Let q = -2 + 11. Let i = 20 - q. Calculate the remainder when m is divided by i.
8
Suppose 175 = 5*d - 5*t, -5*d - 4*t + 21 + 145 = 0. Calculate the remainder when 1016 is divided by d.
30
Suppose 3*b - 29 = -8. Suppose -2*v + m + 46 = -m, -v = -4*m - 17. What is the remainder when v is divided by b/(-3*2/(-12))?
11
Let s(w) = w**3 + 2*w**2 + w + 2. Let p be s(-2). Suppose 4*x - 3*x - 22 = p. Calculate the remainder when 131 is divided by x.
21
Let x(f) = f**2 + 11*f + 11. Let j be x(-10). Let q(h) = j - 2 + 31*h - 15 - 35*h. Calculate the remainder when 79 is divided by q(-8).
15
Let f be 14/1*5/10. Suppose -6*x - 47 = -f*x. What is the remainder when x is divided by (-18)/(-1 - 2/4)?
11
Suppose -5*r + 3*h = -27, -3*r - 2*h = -4*h - 17. Suppose 0 = 5*v + 5, -2*g + r*v + 59 = -2*v. Calculate the remainder when g is divided by 16.
11
Let p = 4884 - 4645. Suppose 2*j - 3*j = -48. Calculate the remainder when p is divided by j.
47
Suppose -1723 = -13*v - 449. What is the remainder when 1368 is divided by v?
94
Suppose -150 = -10*g + 100. Let q(p) = -4*p**3 - 1 - 3 + 6 - 5*p**2 - 2*p. What is the remainder when q(-3) is divided by g?
21
Let d(a) be the third derivative of a**5/60 - a**4/6 - 3*a**3/2 - 15*a**2. What is the remainder when 19 is divided by d(7)?
7
Let v = 0 + 6. Suppose 7 + 23 = 5*c. Calculate the remainder when c is divided by ((-8)/(-3))/(4/v).
2
Suppose -18*l + 326 + 286 = 0. What is the remainder when 135 is divided by l?
33
Let x = 49 + -28. Suppose 13*g - 12*g = x. Calculate the remainder when g is divided by 6.
3
Let c(y) = 5*y + 26. Let i be c(-3). Let h(m) = m**3 - 11*m**2 + 7*m + 5. Calculate the remainder when h(i) is divided by 21.
19
Suppose 4*m - 1274 = -2*y, -17*m + 14*m - 3146 = -5*y. Calculate the remainder when y is divided by 26.
7
Suppose 2*m + 320 = -6*m. Let c = m - -44. What is the remainder when 13 is divided by c?
1
Let g(s) = -120*s - 17. What is the remainder when g(-2) is 